{"id":222,"date":"2021-07-27T11:09:36","date_gmt":"2021-07-27T14:09:36","guid":{"rendered":"https:\/\/socialos.cl\/?page_id=222"},"modified":"2023-11-14T14:05:59","modified_gmt":"2023-11-14T17:05:59","slug":"servicios","status":"publish","type":"page","link":"https:\/\/clubaereopuertomontt.cl\/home\/servicios\/","title":{"rendered":"Servicios"},"content":{"rendered":"\n<div style=\"height:20px\" aria-hidden=\"true\" class=\"wp-block-spacer\"><\/div>\n\n\n\n<div class=\"wp-block-media-text alignwide is-stacked-on-mobile\"><figure class=\"wp-block-media-text__media\"><img fetchpriority=\"high\" decoding=\"async\" width=\"1024\" height=\"768\" src=\"https:\/\/clubaereopuertomontt.cl\/home\/wp-content\/uploads\/2022\/04\/5.-Foto-actual-2020-1-1024x768.jpg\" alt=\"\" class=\"wp-image-528 size-full\" srcset=\"https:\/\/clubaereopuertomontt.cl\/home\/wp-content\/uploads\/2022\/04\/5.-Foto-actual-2020-1-1024x768.jpg 1024w, https:\/\/clubaereopuertomontt.cl\/home\/wp-content\/uploads\/2022\/04\/5.-Foto-actual-2020-1-180x135.jpg 180w, https:\/\/clubaereopuertomontt.cl\/home\/wp-content\/uploads\/2022\/04\/5.-Foto-actual-2020-1-600x450.jpg 600w, https:\/\/clubaereopuertomontt.cl\/home\/wp-content\/uploads\/2022\/04\/5.-Foto-actual-2020-1-300x225.jpg 300w, https:\/\/clubaereopuertomontt.cl\/home\/wp-content\/uploads\/2022\/04\/5.-Foto-actual-2020-1-768x576.jpg 768w, https:\/\/clubaereopuertomontt.cl\/home\/wp-content\/uploads\/2022\/04\/5.-Foto-actual-2020-1.jpg 1280w\" sizes=\"(max-width: 1024px) 100vw, 1024px\" \/><\/figure><div class=\"wp-block-media-text__content\">\n<p class=\"has-large-font-size\">Servicios de Tr\u00e1nsito A\u00e9reo (ATS)<\/p>\n\n\n\n<p>La Direcci\u00f3n General de Aeron\u00e1utica Civil (DGAC) ha implementado la activaci\u00f3n de los Servicios de Tr\u00e1nsito A\u00e9reo (ATS) mediante la instalaci\u00f3n de una torre AFIS. Esta iniciativa facilita la entrega de Informaci\u00f3n de Vuelo de Aer\u00f3dromo por parte de los funcionarios T\u00e9cnicos en Servicios de Vuelo (TSV) de la misma direcci\u00f3n.<\/p>\n\n\n\n<p>En la actualidad, el aer\u00f3dromo cuenta con un equipo total de 7 especialistas TSV y un Inspector Zonal de Aeronavegabilidad. Estos profesionales brindan servicios de informaci\u00f3n de vuelo de aer\u00f3dromo y operaciones durante todos los d\u00edas del a\u00f1o. La Jefa de Aer\u00f3dromo, Patricia Bravo Espinoza, especialista TSV, lidera el equipo desde el a\u00f1o 2016.<\/p>\n\n\n\n<p>Esta actualizaci\u00f3n en la prestaci\u00f3n de servicios de tr\u00e1nsito a\u00e9reo no solo optimiza la eficiencia operativa sino que tambi\u00e9n garantiza una informaci\u00f3n de vuelo precisa y segura para los usuarios. La constante dedicaci\u00f3n de nuestro equipo de especialistas respalda la operatividad del aer\u00f3dromo de manera consistente.<\/p>\n<\/div><\/div>\n\n\n\n<div style=\"height:10px\" aria-hidden=\"true\" class=\"wp-block-spacer\"><\/div>\n\n\n\n<hr class=\"wp-block-separator has-css-opacity\"\/>\n\n\n\n<div class=\"wp-block-media-text alignwide has-media-on-the-right is-stacked-on-mobile\"><div class=\"wp-block-media-text__content\">\n<p class=\"has-large-font-size\">Venta de Combustible de Aviaci\u00f3n<\/p>\n\n\n\n<p>El aer\u00f3dromo Marcel Marchant (La Paloma), cuenta con abastecimiento de combustible de categor\u00eda aeron\u00e1utico de los siguientes tipos:<\/p>\n\n\n\n<p>Av-Gas 100\/130 de alto octanaje &#8211; JP1 (Jet Propulsion)<\/p>\n\n\n\n<p>Los horarios de venta de combustible en el aer\u00f3dromo son los siguientes:<\/p>\n\n\n\n<figure class=\"wp-block-table\"><table><tbody><tr><td>domingo<\/td><td>08:00 \u2013 30 min antes FCCV<\/td><\/tr><tr><td>lunes<\/td><td>08:00 \u2013 30 min antes FCCV<\/td><\/tr><tr><td>martes<\/td><td>08:00 \u2013 30 min antes FCCV<\/td><\/tr><tr><td>mi\u00e9rcoles<\/td><td>08:00 \u2013 30 min antes FCCV<\/td><\/tr><tr><td>jueves<\/td><td>08:00 \u2013 30 min antes FCCV<\/td><\/tr><tr><td>viernes<\/td><td>08:00 \u2013 30 min antes FCCV<\/td><\/tr><tr><td>s\u00e1bado<\/td><td>08:00 \u2013 30 min antes FCCV<\/td><\/tr><\/tbody><\/table><figcaption class=\"wp-element-caption\">FCCV: Fin del Crep\u00fasculo Civil Vespertino<\/figcaption><\/figure>\n\n\n\n<p><\/p>\n\n\n\n<p>Forma de pago: Tarjeta de d\u00e9bito, cr\u00e9dito, cheque al d\u00eda, transferencia bancaria (disponible s\u00f3lo lun-vie 09:00 a 18:00 hrs).<\/p>\n\n\n\n<p>Para establecer contacto con el \u00e1rea de venta de combustibles, le invitamos a comunicarse mediante el siguiente n\u00famero telef\u00f3nico: +569 6218 5765.<\/p>\n\n\n\n<p><\/p>\n<\/div><figure class=\"wp-block-media-text__media\"><img decoding=\"async\" width=\"800\" height=\"538\" src=\"https:\/\/clubaereopuertomontt.cl\/home\/wp-content\/uploads\/2022\/04\/SMN_1978_web_02.jpg\" alt=\"\" class=\"wp-image-503 size-full\" srcset=\"https:\/\/clubaereopuertomontt.cl\/home\/wp-content\/uploads\/2022\/04\/SMN_1978_web_02.jpg 800w, https:\/\/clubaereopuertomontt.cl\/home\/wp-content\/uploads\/2022\/04\/SMN_1978_web_02-600x404.jpg 600w, https:\/\/clubaereopuertomontt.cl\/home\/wp-content\/uploads\/2022\/04\/SMN_1978_web_02-300x202.jpg 300w, https:\/\/clubaereopuertomontt.cl\/home\/wp-content\/uploads\/2022\/04\/SMN_1978_web_02-768x516.jpg 768w\" sizes=\"(max-width: 800px) 100vw, 800px\" \/><\/figure><\/div>\n\n\n\n<div class=\"wp-block-columns alignwide is-layout-flex wp-container-core-columns-is-layout-9d6595d7 wp-block-columns-is-layout-flex\">\n<div class=\"wp-block-column is-layout-flow wp-block-column-is-layout-flow\">\n<div class=\"wp-block-buttons is-content-justification-center is-layout-flex wp-container-core-buttons-is-layout-16018d1d wp-block-buttons-is-layout-flex\"><\/div>\n<\/div>\n\n\n\n<div class=\"wp-block-column is-layout-flow wp-block-column-is-layout-flow\"><\/div>\n<\/div>\n\n\n\n<div style=\"height:10px\" aria-hidden=\"true\" class=\"wp-block-spacer\"><\/div>\n\n\n\n<p><\/p>\n","protected":false},"excerpt":{"rendered":"<p>Servicios de Tr\u00e1nsito A\u00e9reo (ATS) La Direcci\u00f3n General de Aeron\u00e1utica Civil (DGAC) ha implementado la activaci\u00f3n de los Servicios de Tr\u00e1nsito A\u00e9reo (ATS) mediante la instalaci\u00f3n de una torre AFIS. Esta iniciativa facilita la entrega de Informaci\u00f3n de Vuelo de Aer\u00f3dromo por parte de los funcionarios T\u00e9cnicos en Servicios de Vuelo (TSV) de la misma [&hellip;]<\/p>\n","protected":false},"author":1,"featured_media":0,"parent":0,"menu_order":0,"comment_status":"closed","ping_status":"closed","template":"","meta":{"ocean_post_layout":"","ocean_both_sidebars_style":"","ocean_both_sidebars_content_width":0,"ocean_both_sidebars_sidebars_width":0,"ocean_sidebar":"0","ocean_second_sidebar":"0","ocean_disable_margins":"enable","ocean_add_body_class":"","ocean_shortcode_before_top_bar":"","ocean_shortcode_after_top_bar":"","ocean_shortcode_before_header":"","ocean_shortcode_after_header":"","ocean_has_shortcode":"","ocean_shortcode_after_title":"","ocean_shortcode_before_footer_widgets":"","ocean_shortcode_after_footer_widgets":"","ocean_shortcode_before_footer_bottom":"","ocean_shortcode_after_footer_bottom":"","ocean_display_top_bar":"default","ocean_display_header":"default","ocean_header_style":"","ocean_center_header_left_menu":"0","ocean_custom_header_template":"0","ocean_custom_logo":0,"ocean_custom_retina_logo":0,"ocean_custom_logo_max_width":0,"ocean_custom_logo_tablet_max_width":0,"ocean_custom_logo_mobile_max_width":0,"ocean_custom_logo_max_height":0,"ocean_custom_logo_tablet_max_height":0,"ocean_custom_logo_mobile_max_height":0,"ocean_header_custom_menu":"0","ocean_menu_typo_font_family":"0","ocean_menu_typo_font_subset":"","ocean_menu_typo_font_size":0,"ocean_menu_typo_font_size_tablet":0,"ocean_menu_typo_font_size_mobile":0,"ocean_menu_typo_font_size_unit":"px","ocean_menu_typo_font_weight":"","ocean_menu_typo_font_weight_tablet":"","ocean_menu_typo_font_weight_mobile":"","ocean_menu_typo_transform":"","ocean_menu_typo_transform_tablet":"","ocean_menu_typo_transform_mobile":"","ocean_menu_typo_line_height":0,"ocean_menu_typo_line_height_tablet":0,"ocean_menu_typo_line_height_mobile":0,"ocean_menu_typo_line_height_unit":"","ocean_menu_typo_spacing":0,"ocean_menu_typo_spacing_tablet":0,"ocean_menu_typo_spacing_mobile":0,"ocean_menu_typo_spacing_unit":"","ocean_menu_link_color":"","ocean_menu_link_color_hover":"","ocean_menu_link_color_active":"","ocean_menu_link_background":"","ocean_menu_link_hover_background":"","ocean_menu_link_active_background":"","ocean_menu_social_links_bg":"","ocean_menu_social_hover_links_bg":"","ocean_menu_social_links_color":"","ocean_menu_social_hover_links_color":"","ocean_disable_title":"default","ocean_disable_heading":"default","ocean_post_title":"","ocean_post_subheading":"","ocean_post_title_style":"","ocean_post_title_background_color":"","ocean_post_title_background":0,"ocean_post_title_bg_image_position":"","ocean_post_title_bg_image_attachment":"","ocean_post_title_bg_image_repeat":"","ocean_post_title_bg_image_size":"","ocean_post_title_height":0,"ocean_post_title_bg_overlay":0.5,"ocean_post_title_bg_overlay_color":"","ocean_disable_breadcrumbs":"default","ocean_breadcrumbs_color":"","ocean_breadcrumbs_separator_color":"","ocean_breadcrumbs_links_color":"","ocean_breadcrumbs_links_hover_color":"","ocean_display_footer_widgets":"default","ocean_display_footer_bottom":"default","ocean_custom_footer_template":"0","footnotes":""},"class_list":["post-222","page","type-page","status-publish","hentry","entry"],"_links":{"self":[{"href":"https:\/\/clubaereopuertomontt.cl\/home\/wp-json\/wp\/v2\/pages\/222","targetHints":{"allow":["GET"]}}],"collection":[{"href":"https:\/\/clubaereopuertomontt.cl\/home\/wp-json\/wp\/v2\/pages"}],"about":[{"href":"https:\/\/clubaereopuertomontt.cl\/home\/wp-json\/wp\/v2\/types\/page"}],"author":[{"embeddable":true,"href":"https:\/\/clubaereopuertomontt.cl\/home\/wp-json\/wp\/v2\/users\/1"}],"replies":[{"embeddable":true,"href":"https:\/\/clubaereopuertomontt.cl\/home\/wp-json\/wp\/v2\/comments?post=222"}],"version-history":[{"count":11,"href":"https:\/\/clubaereopuertomontt.cl\/home\/wp-json\/wp\/v2\/pages\/222\/revisions"}],"predecessor-version":[{"id":2160,"href":"https:\/\/clubaereopuertomontt.cl\/home\/wp-json\/wp\/v2\/pages\/222\/revisions\/2160"}],"wp:attachment":[{"href":"https:\/\/clubaereopuertomontt.cl\/home\/wp-json\/wp\/v2\/media?parent=222"}],"curies":[{"name":"wp","href":"https:\/\/api.w.org\/{rel}","templated":true}]}}